19?
9
What is the tens digit of 371040?
4
What is the thousands digit of 550314?
0
What is the ten thousands digit of 2360613?
6
What is the tens digit of 1184927?
2
What is the hundreds digit of 15429337?
3
What is the tens digit of 15074415?
1
What is the ten thousands digit of 11365055?
6
What is the hundred thousands digit of 22023721?
0
What is the tens digit of 268481?
8
What is the ten thousands digit of 317902?
1
What is the millions digit of 3352619?
3
What is the thousands digit of 1856111?
6
What is the hundred thousands digit of 120414?
1
What is the ten thousands digit of 1724103?
2
What is the ten thousands digit of 13852601?
5
What is the tens digit of 28983880?
8
What is the units digit of 858060?
0
What is the ten thousands digit of 15394194?
9
What is the hundreds digit of 3542810?
8
What is the thousands digit of 17241118?
1
What is the thousands digit of 3001384?
1
What is the tens digit of 98273?
7
What is the tens digit of 35152922?
2
What is the hundred thousands digit of 346251?
3
What is the hundreds digit of 1558883?
8
What is the hundred thousands digit of 13818042?
8
What is the tens digit of 8363881?
8
What is the hundreds digit of 885871?
8
What is the thousands digit of 41320?
1
What is the ten thousands digit of 2915138?
1
What is the ten thousands digit of 387198?
8
What is the thousands digit of 147578?
7
What is the millions digit of 1697029?
1
What is the units digit of 668714?
4
What is the tens digit of 670766?
6
What is the units digit of 158152?
2
What is the hundreds digit of 9976440?
4
What is the ten thousands digit of 686888?
8
What is the units digit of 17853?
3
What is the tens digit of 956923?
2
What is the thousands digit of 262969?
2
What is the millions digit of 1488674?
1
What is the tens digit of 246295?
9
What is the ten thousands digit of 202064?
0
What is the hundreds digit of 7990480?
4
What is the hundreds digit of 5134887?
8
What is the units digit of 168554?
4
What is the thousands digit of 140442?
0
What is the hundred thousands digit of 1266493?
2
What is the ten thousands digit of 1276630?
7
What is the tens digit of 62286?
8
What is the thousands digit of 26708476?
8
What is the millions digit of 20334165?
0
What is the ten thousands digit of 362534?
6
What is the ten thousands digit of 1150749?
5
What is the ten thousands digit of 570244?
7
What is the hundreds digit of 6831646?
6
What is the millions digit of 1169420?
1
What is the units digit of 662985?
5
What is the thousands digit of 7412160?
2
What is the units digit of 130060?
0
What is the units digit of 9551795?
5
What is the hundred thousands digit of 269152?
2
What is the hundreds digit of 221109?
1
What is the hundred thousands digit of 8204258?
2
What is the hundred thousands digit of 1803128?
8
What is the millions digit of 9930644?
9
What is the tens digit of 225684?
8
What is the hundred thousands digit of 260702?
2
What is the thousands digit of 1163602?
3
What is the hundreds digit of 370956?
9
What is the hundreds digit of 22669441?
4
What is the ten thousands digit of 108333?
0
What is the tens digit of 863097?
9
What is the units digit of 324189?
9
What is the thousands digit of 3033648?
3
What is the ten thousands digit of 2499317?
9
What is the units digit of 3884572?
2
What is the hundreds digit of 6427277?
2
What is the thousands digit of 4238694?
8
What is the hundreds digit of 272470?
4
What is the hundred thousands digit of 15490453?
4
What is the ten thousands digit of 401999?
0
What is the ten thousands digit of 400953?
0
What is the hundred thousands digit of 177526?
1
What is the units digit of 2921370?
0
What is the millions digit of 3064497?
3
What is the units digit of 332380?
0
What is the hundred thousands digit of 800091?
8
What is the units digit of 5377872?
2
What is the thousands digit of 185866?
5
What is the units digit of 888855?
5
What is the millions digit of 6163592?
6
What is the millions digit of 3769975?
3
What is the hundred thousands digit of 451668?
4
What is the hundreds digit of 2524826?
8
What is the millions digit of 1442332?
1
What is the thousands digit of 191934?
1
What is the thousands digit of 3355659?
5
What is the units digit of 6162169?
9
What is the hundred thousands digit of 10112874?
1
What is the ten thousands digit of 7452781?
5
What is the tens digit of 1779267?
6
What is the tens digit of 6642?
4
What is the hundreds digit of 826134?
1
What is the ten thousands digit of 405079?
0
What is the millions digit of 26414368?
6
What is the thousands digit of 898263?
8
What is the hundreds digit of 295315?
3
What is the thousands digit of 4616585?
6
What is the hundreds digit of 294109?
1
What is the hundreds digit of 791593?
5
What is the hundred thousands digit of 299451?
2
What is the ten thousands digit of 2116661?
1
What is the units digit of 1207626?
6
What is the units digit of 13350497?
7
What is the hundreds digit of 440838?
8
What is the tens digit of 754273?
7
What is the units digit of 135189?
9
What is the hundred thousands digit of 4803439?
8
What is the units digit of 596209?
9
What is the ten thousands digit of 4054034?
5
What is the hundreds digit of 16884073?
0
What is the units digit of 2393218?
8
What is the millions digit of 1762544?
1
What is the hundred thousands digit of 3176135?
1
What is the units digit of 90414?
4
What is the units digit of 3454528?
8
What is the thousands digit of 2452620?
2
What is the hundreds digit of 1446771?
7
What is the hundreds digit of 5539797?
7
What is the hundreds digit of 3411302?
3
What is the millions digit of 23759304?
3
What is the hundreds digit of 434874?
8
What is the tens digit of 966370?
7
What is the hundred thousands digit of 3197158?
1
What is the tens digit of 67905?
0
What is the thousands digit of 2715642?
5
What is the units digit of 13490846?
6
What is the units digit of 6659248?
8
What is the thousands digit of 290884?
0
What is the units digit of 1139890?
0
What is the hundreds digit of 211882?
8
What is the hundreds digit of 1718084?
0
What is the thousands digit of 1652099?
2
What is the hundreds digit of 9924?
9
What is the units digit of 91568?
8
What is the ten thousands digit of 4859009?
5
What is the hundred thousands digit of 186142?
1
What is the hundred thousands digit of 11870292?
8
What is the ten thousands digit of 1822647?
2
What is the tens digit of 3077474?
7
What is the millions digit of 2933143?
2
What is the hundred thousands digit of 3617231?
6
What is the thousands digit of 4064510?
4
What is the hundreds digit of 2944945?
9
What is the hundred thousands digit of 613397?
6
What is the tens digit of 1055517?
1
What is the tens digit of 66518?
1
What is the thousands digit of 3061595?
1
What is the tens digit of 874788?
8
What is the units digit of 951028?
8
What is the ten thousands digit of 151125?
5
What is the hundred thousands digit of 775403?
7
What is the thousands digit of 1873345?
3
What is the millions digit of 2265448?
2
What is the units digit of 78525?
5
What is the hundreds digit of 7514308?
3
What is the hundreds digit of 7982230?
2
What is the ten thousands digit of 439677?
3
What is the hundreds digit of 21435125?
1
What is the tens digit of 2168968?
6
What is the millions digit of 30998036?
0
What is the millions digit of 4878619?
4
What is the hundred thousands digit of 954981?
9
What is the thousands digit of 121318?
1
What is the units digit of 1088465?
5
What is the hundred thousands digit of 1294922?
2
What is the hundred thousands digit of 7910654?
9
What is the thousands digit of 470238?
0
What is the millions digit of 3668015?
3
What is the units digit of 206518?
8
What is the hundred thousands digit of 3434432?
4
What is the units digit of 283957?
7
What is the thousands digit of 723163?
3
What is the units digit of 574326?
6
What is the tens digit of 789577?
7
What is the ten thousands digit of 4607407?
0
What is the ten thousands digit of 6502556?
0
What is the ten thousands digit of 2915123?
1
What is the tens digit of 904343?
4
What is the hundreds digit of 8012417?
4
What is the hundred thousands digit of 13127588?
1
What is the units digit of 643623?
3
What is the ten millions digit of 25953828?
2
What is the tens digit of 1452306?
0
Wha